 hundreds digit of 32357869?
8
What is the millions digit of 134179211?
4
What is the units digit of 104542261?
1
What is the ten thousands digit of 333769995?
6
What is the billions digit of 2274914114?
2
What is the ten millions digit of 434359107?
3
What is the hundred thousands digit of 144444216?
4
What is the hundred thousands digit of 47257841?
2
What is the hundreds digit of 602291811?
8
What is the thousands digit of 3046285959?
5
What is the hundreds digit of 29871022?
0
What is the thousands digit of 13025976?
5
What is the ten millions digit of 1176641734?
7
What is the hundred millions digit of 673102843?
6
What is the hundreds digit of 26933366?
3
What is the thousands digit of 2450379410?
9
What is the thousands digit of 7944566?
4
What is the ten thousands digit of 71953621?
5
What is the thousands digit of 3783416023?
6
What is the units digit of 44281284?
4
What is the ten thousands digit of 43223649?
2
What is the hundreds digit of 2913214628?
6
What is the ten thousands digit of 25912692?
1
What is the thousands digit of 2144246051?
6
What is the millions digit of 4113063393?
3
What is the millions digit of 106312303?
6
What is the hundred millions digit of 750048162?
7
What is the hundreds digit of 47612114?
1
What is the ten thousands digit of 139646402?
4
What is the hundreds digit of 9376197?
1
What is the hundreds digit of 18889362?
3
What is the ten millions digit of 53486485?
5
What is the units digit of 46715294?
4
What is the ten millions digit of 1059187613?
5
What is the hundred thousands digit of 66972938?
9
What is the tens digit of 2592445820?
2
What is the thousands digit of 4934658?
4
What is the hundred millions digit of 441784508?
4
What is the ten millions digit of 684750278?
8
What is the ten millions digit of 37097577?
3
What is the ten thousands digit of 6307085970?
8
What is the tens digit of 866450613?
1
What is the ten thousands digit of 370366209?
6
What is the billions digit of 2825812846?
2
What is the hundreds digit of 426857710?
7
What is the thousands digit of 1411591938?
1
What is the ten thousands digit of 1641394521?
9
What is the hundred thousands digit of 994174345?
1
What is the thousands digit of 76146691?
6
What is the hundreds digit of 34758015?
0
What is the hundred thousands digit of 5378611765?
6
What is the millions digit of 747524076?
7
What is the tens digit of 1547374?
7
What is the units digit of 2280621?
1
What is the hundred millions digit of 6414288890?
4
What is the hundred millions digit of 197457844?
1
What is the thousands digit of 203820245?
0
What is the units digit of 274779475?
5
What is the thousands digit of 590239776?
9
What is the units digit of 3041659243?
3
What is the ten thousands digit of 42566459?
6
What is the hundreds digit of 221525473?
4
What is the millions digit of 1474036832?
4
What is the tens digit of 1557142482?
8
What is the ten thousands digit of 639861909?
6
What is the thousands digit of 36804200?
4
What is the ten thousands digit of 3212708?
1
What is the units digit of 250499474?
4
What is the hundreds digit of 160037543?
5
What is the tens digit of 4284925658?
5
What is the hundreds digit of 9057740?
7
What is the ten thousands digit of 4842644386?
4
What is the thousands digit of 87013237?
3
What is the units digit of 46030497?
7
What is the millions digit of 3311701736?
1
What is the units digit of 66393113?
3
What is the millions digit of 104461765?
4
What is the hundreds digit of 12077010?
0
What is the millions digit of 107068345?
7
What is the ten thousands digit of 96830375?
3
What is the millions digit of 1764696991?
4
What is the hundreds digit of 191162841?
8
What is the tens digit of 669455222?
2
What is the hundreds digit of 16996692?
6
What is the ten millions digit of 458427394?
5
What is the hundreds digit of 8485544626?
6
What is the hundred thousands digit of 87209433?
2
What is the ten millions digit of 261593675?
6
What is the millions digit of 1050397114?
0
What is the millions digit of 54930592?
4
What is the ten millions digit of 315740815?
1
What is the hundred millions digit of 441115853?
4
What is the tens digit of 60373198?
9
What is the ten thousands digit of 40594106?
9
What is the hundreds digit of 1027273412?
4
What is the hundreds digit of 2796938597?
5
What is the ten thousands digit of 3228973657?
7
What is the tens digit of 80860098?
9
What is the thousands digit of 7017206?
7
What is the ten millions digit of 1322504016?
2
What is the millions digit of 72971393?
2
What is the ten millions digit of 53471508?
5
What is the tens digit of 206059956?
5
What is the ten thousands digit of 168289060?
8
What is the ten thousands digit of 1045819081?
1
What is the hundred millions digit of 1177483200?
1
What is the hundreds digit of 499369199?
1
What is the hundred thousands digit of 77681466?
6
What is the hundred millions digit of 371288759?
3
What is the ten millions digit of 651368866?
5
What is the thousands digit of 20805419?
5
What is the ten thousands digit of 286242017?
4
What is the hundred millions digit of 414294420?
4
What is the thousands digit of 2197445471?
5
What is the millions digit of 97286263?
7
What is the hundreds digit of 34456967?
9
What is the hundreds digit of 549110041?
0
What is the ten millions digit of 345324465?
4
What is the hundred thousands digit of 20818208?
8
What is the ten millions digit of 2186008226?
8
What is the units digit of 2706191873?
3
What is the ten millions digit of 75087566?
7
What is the hundred millions digit of 119944069?
1
What is the ten thousands digit of 111872146?
7
What is the hundred millions digit of 2560099162?
5
What is the ten thousands digit of 6683572271?
7
What is the ten millions digit of 76040051?
7
What is the thousands digit of 1560362192?
2
What is the hundred thousands digit of 46552310?
5
What is the hundred thousands digit of 66005266?
0
What is the hundred thousands digit of 26877416?
8
What is the tens digit of 2752385?
8
What is the hundred thousands digit of 3437762761?
7
What is the millions digit of 177151330?
7
What is the hundreds digit of 221785855?
8
What is the units digit of 439393923?
3
What is the ten thousands digit of 3392183566?
8
What is the hundred millions digit of 3532764567?
5
What is the hundreds digit of 492978385?
3
What is the thousands digit of 470588963?
8
What is the ten thousands digit of 2259838900?
3
What is the ten millions digit of 1547215828?
4
What is the ten thousands digit of 54151594?
5
What is the ten millions digit of 74566512?
7
What is the hundred thousands digit of 12287687?
2
What is the tens digit of 4034716616?
1
What is the ten thousands digit of 805937678?
3
What is the ten millions digit of 1057887752?
5
What is the hundred thousands digit of 486488347?
4
What is the hundred thousands digit of 2170055217?
0
What is the ten millions digit of 1957629565?
5
What is the ten millions digit of 1928372139?
2
What is the ten thousands digit of 1102479367?
7
What is the thousands digit of 61885669?
5
What is the millions digit of 1332976851?
2
What is the ten millions digit of 52952137?
5
What is the hundred thousands digit of 90686538?
6
What is the thousands digit of 47094828?
4
What is the units digit of 37255283?
3
What is the ten millions digit of 201176723?
0
What is the ten thousands digit of 82819831?
1
What is the millions digit of 16078810?
6
What is the hundred thousands digit of 1072963793?
9
What is the ten thousands digit of 722581517?
8
What is the ten thousands digit of 80603828?
0
What is the hundred thousands digit of 307619487?
6
What is the hundred thousands digit of 790366810?
3
What is the hundred thousands digit of 36030683?
0
What is the hundred thousands digit of 3919535?
9
What is the thousands digit of 143855393?
5
What is the thousands digit of 3811892444?
2
What is the hundred millions digit of 377863220?
3
What is the millions digit of 3866342269?
6
What is the units digit of 325972808?
8
What is the hundred thousands digit of 11264553?
2
What is the units digit of 240542218?
8
What is the units digit of 99993509?
9
What is the ten millions digit of 764683375?
6
What is the millions digit of 162847192?
2
What is the millions digit of 771241625?
1
What is the ten mi